{"id":92,"date":"2018-05-30T18:56:51","date_gmt":"2018-05-30T18:56:51","guid":{"rendered":"https:\/\/themeansar.com\/demo\/wp\/businessup\/lite\/?page_id=3"},"modified":"2019-04-02T16:05:36","modified_gmt":"2019-04-02T16:05:36","slug":"confidentialitate","status":"publish","type":"page","link":"https:\/\/motorinvest.ro\/index.php\/confidentialitate\/","title":{"rendered":"Politica de Confiden\u021bialitate"},"content":{"rendered":"<p>Declara\u021bia de Confiden\u021bialitate MOTOR INVEST SRL<\/p>\n<ol>\n<li>Despre aceast\u0103 Declara\u021bie de confiden\u021bialitate<\/li>\n<\/ol>\n<p>S.C. MOTOR INVEST SRL S.R.L. cu sediul social \u00een Craiova, str. N. B\u0103lcescu, Nr. 27, jud. Dolj, telefon 0768662565, \u00eenmatriculat\u0103 la O.R.C. de pe l\u00e2ng\u0103 Tribunalul Dolj sub nr. J16\/118\/2008, av\u00e2nd C.U.\u00ce. 23124270 \u0219i contul bancar deschis la CEC BANK SA sucursala Craiova, nr. cont RO87CECEDJ5830RON1257373, suntem responsabili cu protec\u021bia datelor cu caracter personal. Prezenta Declara\u021bie de Confiden\u021bialitate se aplic\u0103 pentru societatea de mai sus.<\/p>\n<p>Prezenta Declara\u021bie de confiden\u021bialitate are scopul de a explica \u00eentr-un mod simplu \u0219i transparent ce tip de date personale colect\u0103m \u00een leg\u0103tur\u0103 cu dumneavoastr\u0103 \u0219i cum le prelucr\u0103m. Aceast\u0103 declara\u021bie se aplic\u0103 urm\u0103toarelor persoane:<\/p>\n<p>To\u021bi fo\u0219tii, actualii \u0219i poten\u021bialii clien\u021bi ai MOTOR INVEST SRL. Avem obliga\u021bia legal\u0103 de a p\u0103stra datele pe care le colect\u0103m despre dumneavoastr\u0103, inclusiv o anumit\u0103 perioad\u0103 de timp dup\u0103 \u00eencetarea rela\u021biei.<\/p>\n<p>Datele cu caracter personal se refer\u0103 la orice informa\u021bie care ne comunic\u0103 ceva despre dumneavoastr\u0103 sau pe care o putem corela cu dumneavoastr\u0103 Acestea includ numele, adresa, data na\u0219terii, num\u0103rul de cont, adresa IP sau informa\u021biile despre pl\u0103\u021bile pe care le-a\u021bi efectuat din contul dumneavoastr\u0103 bancar.<\/p>\n<p>Prelucrarea se refer\u0103 la toate opera\u021biunile pe care le putem face \u00een privin\u021ba datelor, cum ar fi colectarea, \u00eenregistrarea, stocarea, ajustarea, organizarea, utilizarea, divulgarea, transferul \u0219i \u0219tergerea acestora. Ne comunica\u021bi informa\u021bii cu caracter personal atunci c\u00e2nd deveni\u021bi client, v\u0103 \u00eenregistra\u021bi la serviciile noastre online, completa\u021bi un formular online, semna\u021bi un contract, folosi\u021bi produsele \u0219i serviciile noastre sau ne contacta\u021bi prin intermediul unuia dintre canalele noastre.<\/p>\n<p>De asemenea, folosim date care sunt disponibile legal din surse publice, din mass media, sau care sunt furnizate \u00een mod legitim de alte companii sau ter\u021bi.<\/p>\n<ol start=\"2\">\n<li>Tipurile de date pe care le colect\u0103m despre dumneavoastr\u0103<\/li>\n<\/ol>\n<p>Datele cu caracter personal pe care le colect\u0103m includ:<\/p>\n<p>Date de identificare, cum ar fi numele, prenumele, data \u0219i locul na\u0219terii, codul numeric personal, adresa de e-mail \u0219i adresa IP a computerului sau a dispozitivului dumneavoastr\u0103 mobil, informa\u021bii po\u0219tale \u0219i alte informa\u021bii utilizate pentru a expedia un document, date de facturare, precum \u0219i \u00een cazul \u00een care serviciile po\u0219tale sau curierat sunt furnizate prin intermediul unuia dintre transportatorii parteneri.<\/p>\n<p>Informa\u021bii financiare, cum ar fi numere de cont bancar pentru viramente \u00een urma unor tranzac\u021bii.<\/p>\n<p>Informa\u021bii despre computer \u0219i conexiune, cum ar fi statisticile privind afi\u0219\u0103rile de pagin\u0103, traficul c\u0103tre \u0219i de la site-uri, adresa URL de trimitere, adresa IP \u0219i istoricul de navigare.<\/p>\n<p>Informa\u021bii personale colectate din alte surse<\/p>\n<p>Social Media. V\u0103 permitem sa distribui\u021bi informa\u021bii pe site-uri de socializare (ex: Facebook) Aceste site-uri ne pot oferi acces automat la anumite informa\u021bii personale pe care le p\u0103streaz\u0103 despre dumneavoastr\u0103 (ex. adresa de e-mail). Prin asocierea unui cont administrat de un site de socializare cu contul dumneavoastr\u0103 \u0219i autoriz\u00e2ndu-ne s\u0103 acces\u0103m aceste informa\u021bii, sunte\u021bi de acord c\u0103 putem colecta, utiliza \u0219i p\u0103stra informa\u021biile furnizate \u00een conformitate cu acest acord de confiden\u021bialitate.<\/p>\n<p>Dac\u0103 ne furniza\u021bi informa\u021bii personale despre o alt\u0103 persoan\u0103 fizic\u0103, trebuie sa face\u021bi acest lucru numai cu acordul acelei persoane. Trebuie s\u0103 o informa\u021bi cum colect\u0103m, folosim, dezv\u0103luim \u0219i p\u0103str\u0103m informa\u021biile personale \u00een conformitate cu acest acord de confiden\u021bialitate.<\/p>\n<p>Datele sensibile<\/p>\n<p>Nu \u00eenregistr\u0103m date sensibile privind s\u0103n\u0103tatea dumneavoastr\u0103, etnia, credin\u021bele religioase sau politice, cu excep\u021bia cazurilor \u00een care acest lucru este absolut necesar.<\/p>\n<p>Datele minorilor<\/p>\n<p>Con\u021binutul site-ului \u0219i a informa\u021biilor promovate de MOTOR INVEST SRL nu este destinat minorilor dar con\u021binutul s\u0103u nu este v\u0103t\u0103m\u0103tor pentru ace\u0219tia. Nu colect\u0103m informa\u021bii \u0219i date ale minorilor sub 16 ani.<\/p>\n<ol start=\"3\">\n<li>Ce facem cu datele dumneavoastr\u0103 personale<\/li>\n<\/ol>\n<p>Nu folosim datele dumneavoastr\u0103 personale dec\u00e2t \u00een scopuri legitime de afaceri. Acestea includ:<\/p>\n<p>Administrarea. Atunci c\u00e2nd \u00eencheiem un contract de Prest\u0103ri servicii \u00eentre Prestator \u0219i Beneficiar avem obliga\u021bia legal\u0103 de a colecta datele personale care verific\u0103 identitatea dumneavoastr\u0103 (de exemplu, o copie dup\u0103 cartea de identitate sau pa\u0219aport) \u0219i de a evalua dac\u0103 v\u0103 putem accepta \u00een calitate de client. De asemenea, trebuie s\u0103 cunoa\u0219tem adresa \u0219i num\u0103rul dumneavoastr\u0103 de telefon pentru a v\u0103 putea contacta.<\/p>\n<p>Furnizarea de produse \u0219i servicii. Folosim informa\u021biile despre dumneavoastr\u0103 cu scopul de a evalua dac\u0103 sunte\u021bi eligibil pentru anumite lini de finan\u021bare.<\/p>\n<p>Marketing personalizat. Putem s\u0103 v\u0103 trimitem scrisori, e-mailuri sau mesaje text pentru a v\u0103 oferi un produs sau un serviciu pe baza circumstan\u021belor dumneavoastr\u0103 personale.<\/p>\n<p>Furnizarea celor mai potrivite produse \u0219i servicii. Atunci c\u00e2nd vizita\u021bi site-ul nostru web, c\u00e2nd suna\u021bi la birourile noastre sau vizita\u021bi unul dintre birourile noastre colect\u0103m informa\u021bii despre dumneavoastr\u0103 Analiz\u0103m aceste informa\u021bii pentru a identifica nevoile dumneavoastr\u0103 poten\u021biale \u0219i evalu\u0103m adecvarea produselor sau serviciilor. De exemplu, putem s\u0103 v\u0103 suger\u0103m oportunit\u0103\u021bi de investi\u021bii adecvate profilului dumneavoastr\u0103.<\/p>\n<p>Putem s\u0103 folosim datele dumneavoastr\u0103 pentru a v\u0103 trimite oferte personalizate prin po\u0219t\u0103, e-mail sau pe site-ul nostru web. Ave\u021bi dreptul de a v\u0103 opune, \u00een orice moment, la activit\u0103\u021bile comerciale sau de marketing direct cu condi\u021bia s\u0103 nu se suprapun\u0103 cu clauzele contractuale care prev\u0103d altfel.<\/p>\n<p>Prevenirea \u0219i detectarea fraudei \u0219i securitatea datelor: Avem datoria de a proteja datele dumneavoastr\u0103 personale \u0219i de a preveni, a detecta \u0219i a limita \u00eenc\u0103lcarea securit\u0103\u021bii datelor. Acestea includ informa\u021biile pe care suntem obliga\u021bi s\u0103 le colect\u0103m despre dumneavoastr\u0103, ca de exemplu, \u00een scopul conformit\u0103\u021bii cu regulamentele privind combaterea fraudelor cu fonduri Europene, a finan\u021b\u0103rii actelor de terorism \u0219i a fraudei fiscale.<\/p>\n<p>Toate tipurile de date pe care le prelucr\u0103m \u00een orice scop \u00eencercam s\u0103 le reducem sau chiar s\u0103 elimin\u0103m c\u00e2t de mult posibil informa\u021biile cu caracter personal.<\/p>\n<ol start=\"4\">\n<li>Cui \u0219i de ce \u00eemp\u0103rt\u0103\u0219im datele dumneavoastr\u0103<\/li>\n<\/ol>\n<p>Putem divulga informa\u021biile dumneavoastr\u0103 personale unor ter\u021be p\u0103r\u021bi.<\/p>\n<p>Aceast\u0103 divulgare de date poate fi necesar\u0103 pentru ca noi s\u0103 v\u0103 oferim acces la serviciile noastre, s\u0103 ne conform\u0103m obliga\u021biilor legale na\u021bionale, s\u0103 ne optimiz\u0103m activit\u0103\u021bile de marketing \u0219i publicitate sau s\u0103 prevenim, s\u0103 detect\u0103m, s\u0103 atenu\u0103m \u0219i s\u0103 investig\u0103m activit\u0103\u021bile frauduloase sau ilegale legate de serviciile noastre. \u00cencercam sa minimiz\u0103m cantitatea de informa\u021bii personale pe care le dezv\u0103luim la ceea ce este direct relevant \u0219i necesar pentru a \u00eendeplini scopul specificat. Nu vindem, \u00eenchiriem sau dezv\u0103luim \u00een alt fel informa\u021biile dumneavoastr\u0103 personale unor ter\u021be p\u0103r\u021bi \u00een scopuri de marketing \u0219i publicitate f\u0103r\u0103 acordul dumneavoastr\u0103.<\/p>\n<p>Parteneri ai MOTOR INVEST SRL \u0219i furnizori de servicii dup\u0103 cum urmeaz\u0103:<\/p>\n<p>\u00cen cazul \u00een care folosim al\u021bi furnizori de servicii, nu comunic\u0103m dec\u00e2t datele cu caracter personal care sunt strict necesare pentru realizarea unei anumite sarcini.<\/p>\n<p>Furnizorii de servicii ne sprijin\u0103 cu activit\u0103\u021bi de tipul:<\/p>\n<p>Servicii de curierat, recuper\u0103ri crean\u021be, servicii de certificare, servicii de transport, servicii de internet, de transmitere a mesajelor pe e-mail, servicii de telefonie mobil\u0103, servicii de pl\u0103\u021bi bancare, servicii de marketing, de mentenan\u021b\u0103 IT, administrare website, servicii de protec\u021bia muncii, servicii de emitere bonuri valorice.<\/p>\n<p>\u00cen toate aceste cazuri partenerii sau furnizorii de servicii aleg s\u0103 respecte regulamentul european de protec\u021bie a datelor.<\/p>\n<p>Reprezentan\u021bi de v\u00e2nz\u0103ri<\/p>\n<p>Comunic\u0103m informa\u021bii agen\u021bilor independen\u021bi care ac\u021bioneaz\u0103 \u00een numele nostru. Ace\u0219ti agen\u021bi sunt \u00eenregistra\u021bi \u00een conformitate cu legisla\u021bia local\u0103 \u0219i func\u021bioneaz\u0103 pe baza unui contract de colaborare cu clauze de respectare a Regulamentului de Protec\u021bie a Datelor.<\/p>\n<p>Ori de c\u00e2te ori comunic\u0103m datele dumneavoastr\u0103 personale la nivel intern, ter\u021bilor, colaboratorilor, furnizorilor se servicii, lu\u0103m m\u0103surile de siguran\u021b\u0103 necesare pentru a le proteja.<\/p>\n<ol start=\"5\">\n<li>Drepturile dumneavoastr\u0103 \u0219i cum le respect\u0103m<\/li>\n<\/ol>\n<p>Respect\u0103m drepturile dumneavoastr\u0103 \u00een calitate de client pentru a stabili cum sunt utilizate informa\u021biile dumneavoastr\u0103 personale. Aceste drepturi includ:<\/p>\n<p>Dreptul de a accesa informa\u021biile Ave\u021bi dreptul de a solicita un raport al datelor dumneavoastr\u0103 cu caracter personal pe care le prelucr\u0103m.<\/p>\n<p>Dreptul la rectificare<\/p>\n<p>Dac\u0103 datele dumneavoastr\u0103 personale sunt incorecte, ave\u021bi dreptul s\u0103 ne cere\u021bi s\u0103 le rectific\u0103m. \u00cen cazul \u00een care comunic\u0103m ter\u021bilor date corectate ulterior, vom informa \u0219i ter\u021bii respectivi \u00een acest sens.<\/p>\n<p>Dreptul de a v\u0103 opune prelucr\u0103rii datelor<\/p>\n<p>Pute\u021bi s\u0103 v\u0103 opune\u021bi folosirii datelor dumneavoastr\u0103 personale de c\u0103tre societatea noastr\u0103. Pute\u021bi s\u0103 v\u0103 exercita\u021bi acest drept online sau telefonic. Vom lua \u00een considerare opozi\u021bia dumneavoastr\u0103 chiar \u0219i dac\u0103 prelucrarea informa\u021biilor dumneavoastr\u0103 are vreun impact nejustificat asupra dumneavoastr\u0103 care impune \u00eencetarea prelucr\u0103rii datelor respective.<\/p>\n<p>De asemenea, pute\u021bi s\u0103 v\u0103 opune\u021bi primirii de mesaje comerciale personalizate din partea noastr\u0103. C\u00e2nd deveni\u021bi client MOTOR INVEST SRL, v\u0103 \u00eentreb\u0103m dac\u0103 dori\u021bi s\u0103 primi\u021bi oferte personalizate. \u00cen cazul \u00een care v\u0103 r\u0103zg\u00e2ndi\u021bi ulterior, pute\u021bi opta s\u0103 nu mai primi\u021bi mesaje, folosind linkul \u201edezabonare\u201d din subsolul fiec\u0103rui e-mail comercial. Nu pute\u021bi s\u0103 v\u0103 opune\u021bi prelucr\u0103rii datelor dumneavoastr\u0103 cu caracter personal de c\u0103tre MOTOR INVEST SRL dac\u0103 avem obliga\u021bia legal\u0103 de a le prelucra; dac\u0103 este necesar s\u0103 \u00eencheiem un contract cu dumneavoastr\u0103; daca prin contract ne-am obligat s\u0103 v\u0103 trimitem informa\u021bii personalizate iar dumneavoastr\u0103 v-a\u021bi obligat s\u0103 le primi\u021bi, chiar dac\u0103 a\u021bi optat s\u0103 nu mai primi\u021bi mesaje comerciale personalizate.<\/p>\n<p>Dreptul la restric\u021bionarea prelucr\u0103rii<\/p>\n<p>Ave\u021bi dreptul de a ne solicita s\u0103 restric\u021bion\u0103m utilizarea datelor dumneavoastr\u0103 cu caracter personal \u00een cazul \u00een care<\/p>\n<ul>\n<li>considera\u021bi c\u0103 informa\u021biile sunt inexacte<\/li>\n<li>prelucr\u0103m datele \u00een mod ilegal<\/li>\n<li>MOTOR INVEST SRL nu mai are nevoie de datele respective, dar dori\u021bi s\u0103 le p\u0103str\u0103m \u00een vederea utiliz\u0103rii \u00eentr-o ac\u021biune \u00een justi\u021bie<\/li>\n<li>v-a\u021bi opus utiliz\u0103rii datelor dumneavoastr\u0103 personale de c\u0103tre MOTOR INVEST SRL \u00een interesele legitime ale firmei<\/li>\n<\/ul>\n<p>Dreptul la portabilitatea datelor<\/p>\n<p>Ave\u021bi dreptul s\u0103 ne solicita\u021bi s\u0103 transfer\u0103m datele dumneavoastr\u0103 cu caracter personal direct dumneavoastr\u0103 sau unei alte companii. Aceasta se aplic\u0103 \u00een cazul datelor cu caracter personal pe care le prelucr\u0103m prin mijloace automate \u0219i cu consim\u021b\u0103m\u00e2ntul dumneavoastr\u0103 sau pe baza unui contract \u00eencheiat cu dumneavoastr\u0103 \u00cen cazul \u00een care acest lucru este posibil din punct de vedere tehnic, vom transfera datele dumneavoastr\u0103 cu caracter personal.<\/p>\n<p>Dreptul la \u0219tergere<\/p>\n<p>Pute\u021bi s\u0103 ne solicita\u021bi \u0219tergerea datelor dumneavoastr\u0103 cu caracter personal dac\u0103:<\/p>\n<ul>\n<li>datele nu mai sunt necesare \u00een scopul pentru care au fost colectate sau prelucrate<\/li>\n<li>v\u0103 retrage\u021bi consim\u021b\u0103m\u00e2ntul pe baza c\u0103ruia are loc prelucrarea<\/li>\n<li>obiecta\u021bi la prelucrarea datelor dumneavoastr\u0103 de c\u0103tre MOTOR INVEST SRL \u00een interesele legitime ale firmei sau \u00een scopul trimiterii de mesaje comerciale personalizate<\/li>\n<li>MOTOR INVEST SRL prelucreaz\u0103 datele dumneavoastr\u0103 cu caracter personal \u00een mod ilegal, sau o reglementare a Uniunii Europene sau a unui stat membru al Uniunii Europene impune \u0219tergerea datelor dumneavoastr\u0103 cu caracter personal de c\u0103tre MOTOR INVEST SRL.<\/li>\n<\/ul>\n<p>Dreptul la reclama\u021bii<\/p>\n<p>\u00cen cazul \u00een care nu sunte\u021bi satisf\u0103cut de modul \u00een care am r\u0103spuns solicit\u0103rilor dumneavoastr\u0103, ave\u021bi dreptul s\u0103 face\u021bi o reclama\u021bie. Dac\u0103 sunte\u021bi \u00een continuare nemul\u021bumit de reac\u021bia noastr\u0103 la reclama\u021bia pe care ne-a\u021bi \u00eenaintat-o, pute\u021bi s\u0103 o trimite\u021bi mai departe c\u0103tre Responsabilul cu protec\u021bia datelor din cadrul MOTOR INVEST SRL. De asemenea, atunci c\u00e2nd situa\u021bia nu a putut fi rezolvata intre p\u0103r\u021bi, pute\u021bi contacta autoritatea pentru protec\u021bia datelor.<\/p>\n<p>Exercitarea drepturilor dumneavoastr\u0103<\/p>\n<p>Dac\u0103 dori\u021bi s\u0103 v\u0103 exercita\u021bi drepturile sau s\u0103 face\u021bi o reclama\u021bie, v\u0103 rug\u0103m s\u0103 ne contacta\u021bi. Ve\u021bi g\u0103si datele de contact ale MOTOR INVEST SRL la finalul acestei Declara\u021bii de confiden\u021bialitate. Modul \u00een care v\u0103 exercita\u021bi drepturile depinde de produsul MOTOR INVEST SRL pe care \u00eel folosi\u021bi. Se poate realiza prin intermediul site-ului nostru web, vizit\u00e2nd sediul nostru sau prin telefon. Inten\u021bion\u0103m s\u0103 r\u0103spundem la cererea dumneavoastr\u0103 \u00een cel mai scurt timp posibil. \u00cen unele cazuri, timpul de r\u0103spuns poate fi de p\u00e2n\u0103 la 72 de ore. Dac\u0103 avem nevoie de un timp mai \u00eendelungat pentru a v\u0103 solu\u021biona cererea, v\u0103 vom informa c\u00e2t timp suplimentar este necesar \u0219i v\u0103 vom oferi motivele \u00eent\u00e2rzierii. \u00cen anumite cazuri, putem respinge cererea dumneavoastr\u0103 Dac\u0103 este permis prin lege, v\u0103 vom informa \u00een timp util de ce am respins cererea.<\/p>\n<ol start=\"6\">\n<li>Datoria dumneavoastr\u0103 de a furniza datele<\/li>\n<\/ol>\n<p>Exist\u0103 anumite informa\u021bii pe care trebuie s\u0103 le cunoa\u0219tem despre dumneavoastr\u0103, astfel \u00eenc\u00e2t s\u0103 putem s\u0103 \u00eencepem \u0219i s\u0103 ne execut\u0103m datoriile \u00een calitate de Prestator \u0219i s\u0103 ne onor\u0103m obliga\u021biile contractuale asociate. De asemenea, avem obliga\u021bia legal\u0103 de a colecta anumite informa\u021bii. F\u0103r\u0103 aceste date, este posibil s\u0103 nu putem trimite o factura sau s\u0103 nu putem efectua anumite activit\u0103\u021bi.<\/p>\n<ol start=\"7\">\n<li>Cum protej\u0103m datele dumneavoastr\u0103 cu caracter personal<\/li>\n<\/ol>\n<p>Aplic\u0103m un cadru intern de politici \u0219i standarde la toate nivelurile firmelor noastre pentru a p\u0103stra siguran\u021ba datelor dumneavoastr\u0103 Aceste politici \u0219i standarde sunt actualizate periodic pentru a corespunde reglement\u0103rilor \u0219i evolu\u021biei pie\u021bei. \u00cen mod specific \u0219i conform legii, lu\u0103m m\u0103suri tehnice \u0219i organizatorice adecvate (politici \u0219i proceduri, securitate informatic\u0103 etc.) pentru a asigura confiden\u021bialitatea \u0219i integritatea datelor dumneavoastr\u0103 cu caracter personal \u0219i a modului \u00een care sunt prelucrate. \u00cen plus, angaja\u021bii Goodwil au obliga\u021bia de a p\u0103stra confiden\u021bialitatea \u0219i nu pot divulga datele dumneavoastr\u0103 cu caracter personal \u00een mod ilegal sau inutil.<\/p>\n<ol start=\"8\">\n<li>C\u00e2t timp p\u0103str\u0103m datele dumneavoastr\u0103 cu caracter personal<\/li>\n<\/ol>\n<p>Nu avem dreptul s\u0103 p\u0103str\u0103m datele dumneavoastr\u0103 cu caracter personal dec\u00e2t pe perioada \u00een care sunt necesare \u00een scopul pentru care le-am solicitat ini\u021bial. Dup\u0103 aceast\u0103 perioad\u0103, c\u0103ut\u0103m solu\u021bii fezabile fie s\u0103 ob\u021binem un nou consim\u021b\u0103m\u00e2nt din partea dumneavoastr\u0103, fie s\u0103 arhiv\u0103m datele.<\/p>\n<p>9.Contacta\u021bi-ne<\/p>\n<p>Dac\u0103 dori\u021bi s\u0103 afla\u021bi mai multe despre politicile MOTOR INVEST SRL \u00een privin\u021ba datelor \u0219i despre modul \u00een care folosim datele dumneavoastr\u0103 cu caracter personal, pute\u021bi s\u0103 ne trimite\u021bi un e-mail, s\u0103 ne telefona\u021bi sau s\u0103 vizita\u021bi biroul central. Pute\u021bi g\u0103si o list\u0103 cu datele de contact la finalul acestei Declara\u021bii de confiden\u021bialitate.<\/p>\n<p>10.Domeniul de aplicare a prezentei Declara\u021bii de confiden\u021bialitate<\/p>\n<p>Acest document reprezint\u0103 Declara\u021bia de confiden\u021bialitate a MOTOR INVEST SRL. Putem modifica prezenta Declara\u021bie de confiden\u021bialitate pentru a p\u0103stra conformitatea cu modific\u0103rile aduse legisla\u021biei \u0219i\/sau a reflecta modul \u00een care MOTOR INVEST SRL prelucreaz\u0103 datele cu caracter personal. Aceast\u0103 versiune a fost modificat\u0103 la 02 Aprilie 2019.<\/p>\n<p>V\u0103 pute\u021bi exercita aceste drepturi, fie individual, fie cumulat, foarte u\u0219or, prin simpla transmitere a unei solicit\u0103ri \u00een scris, datat\u0103 \u0219i semnat\u0103 la sediul: Str. Nicolae B\u0103lcescu Nr. 27, Craiova, Dolj; la nr de telefon 0768662565 sau prin e-mail la: motor.invest@yahoo.com. \u00cen plus, am numit un ofi\u021ber pentru Protec\u021bia Datelor care poate fi contactat zilnic de Luni p\u00e2n\u0103 Vineri \u00eentre orele 09:30 \u2013 17:30 dac\u0103 exist\u0103 nel\u0103muriri cu privire la orice aspect ce \u021bine de protec\u021bia datelor personale, prin transmiterea unei cereri la datele de contact anterior men\u021bionate.<\/p>\n","protected":false},"excerpt":{"rendered":"<p>Declara\u021bia de Confiden\u021bialitate MOTOR INVEST SRL Despre aceast\u0103 Declara\u021bie de confiden\u021bialitate S.C. MOTOR INVEST SRL S.R.L. cu sediul social \u00een Craiova, str. N. B\u0103lcescu, Nr. 27, jud. Dolj, telefon 0768662565, \u00eenmatriculat\u0103 la O.R.C. de pe l\u00e2ng\u0103 Tribunalul Dolj sub nr. J16\/118\/2008, av\u00e2nd C.U.\u00ce. 23124270 \u0219i contul bancar deschis la CEC BANK SA sucursala Craiova, nr.<br \/><a class=\"btn btn-theme post-btn\" href=\"https:\/\/motorinvest.ro\/index.php\/confidentialitate\/\">Read More<\/a><\/p>\n","protected":false},"author":1,"featured_media":0,"parent":0,"menu_order":0,"comment_status":"closed","ping_status":"open","template":"","meta":{"om_disable_all_campaigns":false,"footnotes":""},"class_list":["post-92","page","type-page","status-publish","hentry"],"aioseo_notices":[],"_links":{"self":[{"href":"https:\/\/motorinvest.ro\/index.php\/wp-json\/wp\/v2\/pages\/92","targetHints":{"allow":["GET"]}}],"collection":[{"href":"https:\/\/motorinvest.ro\/index.php\/wp-json\/wp\/v2\/pages"}],"about":[{"href":"https:\/\/motorinvest.ro\/index.php\/wp-json\/wp\/v2\/types\/page"}],"author":[{"embeddable":true,"href":"https:\/\/motorinvest.ro\/index.php\/wp-json\/wp\/v2\/users\/1"}],"replies":[{"embeddable":true,"href":"https:\/\/motorinvest.ro\/index.php\/wp-json\/wp\/v2\/comments?post=92"}],"version-history":[{"count":4,"href":"https:\/\/motorinvest.ro\/index.php\/wp-json\/wp\/v2\/pages\/92\/revisions"}],"predecessor-version":[{"id":183,"href":"https:\/\/motorinvest.ro\/index.php\/wp-json\/wp\/v2\/pages\/92\/revisions\/183"}],"wp:attachment":[{"href":"https:\/\/motorinvest.ro\/index.php\/wp-json\/wp\/v2\/media?parent=92"}],"curies":[{"name":"wp","href":"https:\/\/api.w.org\/{rel}","templated":true}]}}