{"id":226,"date":"2019-05-10T14:44:24","date_gmt":"2019-05-10T14:44:24","guid":{"rendered":"https:\/\/motorinvest.ro\/?page_id=226"},"modified":"2019-05-10T14:44:57","modified_gmt":"2019-05-10T14:44:57","slug":"por-2-1-a-microintreprinderi","status":"publish","type":"page","link":"https:\/\/motorinvest.ro\/index.php\/fonduri-europene\/por-2-1-a-microintreprinderi\/","title":{"rendered":"Ministerul Dezvolt\u0103rii Regionale \u0219i Administra\u021biei Publice va lansa un nou apel de proiecte \u00een cadrul priorit\u0103\u021bii de investi\u021bii POR 2.1.A \u2013 Micro\u00eentreprinderi."},"content":{"rendered":"\n<h3 class=\"wp-block-heading\">CINE POATE CERE BANI<\/h3>\n\n\n\n<ol class=\"wp-block-list\"><li>Solicitantul este societate comercial\u0103 sau societate cooperativ\u0103 care se \u00eencadreaz\u0103 \u00een categoria micro\u00eentreprinderilor<\/li><\/ol>\n\n\n\n<p>Micro\u00eentreprinderile sunt definite ca \u00eentreprinderi care au p\u00e2n\u0103 la 9 salaria\u0163i \u015fi realizeaz\u0103 o cifr\u0103 de afaceri anual\u0103 net\u0103 sau de\u0163in active totale de p\u00e2n\u0103 la 2 milioane de euro.<\/p>\n\n\n\n<ul class=\"wp-block-list\"><li>Solicitantul a desf\u0103\u015furat activitate pe o perioad\u0103 corespunz\u0103toare cel pu\u0163in unui an fiscal integral \u0219i a \u00eenregistrat profit din exploatare (&gt;0 lei) \u00een anul fiscal anterior depunerii cererii de finan\u021bare<\/li><li>a) Solicitantul a \u00eenregistrat un num\u0103r mediu de salaria\u021bi de cel pu\u021bin 1, \u00een anul fiscal anterior depunerii cererii de finan\u021bare<\/li><\/ul>\n\n\n\n<p>Sau<\/p>\n\n\n\n<p>b) Solicitantul are cel pu\u021bin un angajat cu norm\u0103 \u00eentreag\u0103, pe perioad\u0103 nedeterminat\u0103, la data depunerii cererii de finan\u021bare<\/p>\n\n\n\n<h3 class=\"wp-block-heading\">CATI BANI SE POT LUA<\/h3>\n\n\n\n<p>Contribu\u021bia programului este de maximum 90% din valoarea eligibil\u0103 a investi\u021biei, \u00een limita a 200.000 Euro<\/p>\n\n\n\n<p>Valoarea eligibil\u0103 a proiectului trebuie s\u0103 fie de minimum 25.000 euro<\/p>\n\n\n\n<h3 class=\"wp-block-heading\">CE SE FINA\u021aEAZ\u0102<\/h3>\n\n\n\n<ul class=\"wp-block-list\"><li>lucr\u0103ri de construire\/ extindere\/ modernizare a spa\u0163iilor de produc\u0163ie\/prestare de servicii ale micro\u00eentreprinderilor, inclusiv a utilit\u0103\u0163ilor generale aferente (alimentare cu ap\u0103, canalizare, alimentare cu gaze naturale, agent termic, energie electric\u0103, PSI);<\/li><li>achizi\u0163ionarea de echipamente tehnologice, utilaje, instala\u021bii de lucru, mobilier, echipamente informatice, birotic\u0103, de natura mijloacelor fixe;<\/li><li>achizi\u0163ionarea de instala\u0163ii\/ echipamente specifice \u00een scopul ob\u0163inerii unei economii de energie, precum \u015fi sisteme care utilizeaz\u0103 surse regenerabile (alternative) de energie pentru eficientizarea activit\u0103\u0163ilor pentru care a solicitat finan\u0163are<\/li><li>achizi\u021bia de brevete, licen\u021be, m\u0103rci comerciale, programe informatice, alte drepturi \u015fi active similare<\/li><li>investi\u021bii \u00een realizarea de instrumente de comercializare on-line a serviciilor\/ produselor proprii ale solicitantului. Aceste instrumente au ca scop crearea unui magazin virtual (e-shop)<\/li><\/ul>\n\n\n\n<h1 class=\"wp-block-heading\">CE OBLIGA\u021aII AVEM<\/h1>\n\n\n\n<ul class=\"wp-block-list\"><li><strong>Num\u0103rul mediu de salaria\u021bi<\/strong>&nbsp;\/&nbsp;<strong>Num\u0103rul de angaja\u021bi cu norm\u0103 \u00eentreag\u0103 pe perioad\u0103 nedeterminat\u0103<\/strong>, \u00een perioada de monitorizare a proiectului (i.e. perioada de implementare a proiectului \u0219i 3 ani dup\u0103 finalizarea implement\u0103rii).<\/li><\/ul>\n\n\n\n<p><strong><em>Spre exemplu, \u00een cazul unui proiect ale c\u0103rui activit\u0103\u021bi (inclusiv angajarea de personal) se finalizeaz\u0103 \u00een luna mai 2020, realizarea indicatorului trebuie s\u0103 reias\u0103 din situa\u021biile financiare anuale aferente anului fiscal 2021 (la 31.12.2021)<\/em><\/strong><\/p>\n\n\n\n<p><strong><em>Nerespectarea \u021bintelor stabilite \u00een cererea de finan\u021bare, pentru oricare din indicatorii de mai sus, conduce la recuperarea integral\u0103 a finan\u021b\u0103rii acordate.<\/em><\/strong><\/p>\n\n\n\n<h3 class=\"wp-block-heading\">Care este perioada \u00een care pot fi depuse proiectele?<\/h3>\n\n\n\n<p>Data de la care pot fi depuse cereri de finan\u021bare: 08.07.2019 ora 12:00:00<\/p>\n\n\n\n<p>Data p\u00e2n\u0103 la care pot fi depuse cereri de finan\u021bare: 08.11.2019 ora 12:00:00<\/p>\n","protected":false},"excerpt":{"rendered":"<p>CINE POATE CERE BANI Solicitantul este societate comercial\u0103 sau societate cooperativ\u0103 care se \u00eencadreaz\u0103 \u00een categoria micro\u00eentreprinderilor Micro\u00eentreprinderile sunt definite ca \u00eentreprinderi care au p\u00e2n\u0103 la 9 salaria\u0163i \u015fi realizeaz\u0103 o cifr\u0103 de afaceri anual\u0103 net\u0103 sau de\u0163in active totale de p\u00e2n\u0103 la 2 milioane de euro. Solicitantul a desf\u0103\u015furat activitate pe o perioad\u0103 corespunz\u0103toare<br \/><a class=\"btn btn-theme post-btn\" href=\"https:\/\/motorinvest.ro\/index.php\/fonduri-europene\/por-2-1-a-microintreprinderi\/\">Read More<\/a><\/p>\n","protected":false},"author":1,"featured_media":0,"parent":2,"menu_order":1,"comment_status":"closed","ping_status":"closed","template":"templates\/fullwidth.php","meta":{"om_disable_all_campaigns":false,"footnotes":""},"class_list":["post-226","page","type-page","status-publish","hentry"],"aioseo_notices":[],"_links":{"self":[{"href":"https:\/\/motorinvest.ro\/index.php\/wp-json\/wp\/v2\/pages\/226","targetHints":{"allow":["GET"]}}],"collection":[{"href":"https:\/\/motorinvest.ro\/index.php\/wp-json\/wp\/v2\/pages"}],"about":[{"href":"https:\/\/motorinvest.ro\/index.php\/wp-json\/wp\/v2\/types\/page"}],"author":[{"embeddable":true,"href":"https:\/\/motorinvest.ro\/index.php\/wp-json\/wp\/v2\/users\/1"}],"replies":[{"embeddable":true,"href":"https:\/\/motorinvest.ro\/index.php\/wp-json\/wp\/v2\/comments?post=226"}],"version-history":[{"count":1,"href":"https:\/\/motorinvest.ro\/index.php\/wp-json\/wp\/v2\/pages\/226\/revisions"}],"predecessor-version":[{"id":227,"href":"https:\/\/motorinvest.ro\/index.php\/wp-json\/wp\/v2\/pages\/226\/revisions\/227"}],"up":[{"embeddable":true,"href":"https:\/\/motorinvest.ro\/index.php\/wp-json\/wp\/v2\/pages\/2"}],"wp:attachment":[{"href":"https:\/\/motorinvest.ro\/index.php\/wp-json\/wp\/v2\/media?parent=226"}],"curies":[{"name":"wp","href":"https:\/\/api.w.org\/{rel}","templated":true}]}}